{"id":383,"date":"2019-04-01T12:27:56","date_gmt":"2019-04-01T12:27:56","guid":{"rendered":"http:\/\/propokanpro.com\/?page_id=383"},"modified":"2022-10-04T06:03:46","modified_gmt":"2022-10-04T06:03:46","slug":"obavezni-standardi","status":"publish","type":"page","link":"https:\/\/propokanpro.com\/eng\/obavezni-standardi\/","title":{"rendered":"Mandatory Standards"},"content":{"rendered":"\n<p style=\"text-align:center\"><strong>OBAVEZNI STANDARDI<\/strong><\/p>\n\n\n\n<p style=\"text-align:center\"><strong>PRAVILNICI I DRUGA REGULATIVA U VEZI ZA\u0160TITE OD PO\u017dARA<\/strong><\/p>\n\n\n\n<p>Problematika za\u0161tite od po\u017eara kanala za odimljavanje regulisana je odredbama Zakona o za\u0161titi od po\u017eara, podzakonskim aktima donetim na osnovu tog zakona i standardima.<\/p>\n\n\n\n<p><strong>SRPS U.J.1. 042;2000<\/strong>&nbsp;&nbsp;OP\u0160TI USLOVI \u2013 ZA\u0160TITA OD PO\u017dARA EKSPANDUJU\u0106I PREMAZI, TEHNI\u010cKI USLOVI \u2013&nbsp;<strong>FIRE PROTECTION EXPANDING COATS TEHNICAL CONDITIONS<\/strong><\/p>\n\n\n\n<p>PREMA OVOM STANDARDU PROTIVPO\u017dARNI PREMAZI SE UPOTREBLJAVAJU ZA ZA\u0160TITU OD UTICAJA PO\u017dARA I VISOKIH TEMPERATURA NOSE\u0106IH I NENOSE\u0106IH ELEMENATA, BETONSKIH, DRVENIH I METALNIH KONSTRUKCIJA, I KONSTRUKCIJA OD DRUGIH MATERIJALA KAKO U ENTERIJERIMA TAKO I EKSTERIJERIMA.<\/p>\n\n\n\n<p>OVA ZA\u0160TITA UKLJU\u010cUJE:<br>\u2013 ventilacione vodove;<br>\u2013 kanale za sme\u0161taj elektri\u010dnih vodova;<br>\u2013 kablove<\/p>\n\n\n\n<p><strong><em>Pa\u017eljivim \u010ditanjem predmetnog standarda, zaklju\u010duje se da on propisuje da se kanali i kablovi \u0161tite protivpo\u017earnim premazima.<\/em><\/strong><em>&nbsp;U tome je osnovna razlika u odnosu na druge standarde. Upore\u0111uju\u0107i sa drugim standardima koji se odnose na druge gra\u0111evinske materijale, zaklju\u010duje se da oni ne propisuju da se tim drugim gra\u0111evinskim materijalima mogu \u0161tititi kanali za odimljavanje i ventilaciju, odnosno ti drugi materijali se ne predvi\u0111aju kao podobni za za\u0161titu od po\u017eara.&nbsp;<\/em><\/p>\n\n\n\n<p><strong>STANDARD SRPS ISO 834<br><\/strong>ISPITIVANJE OTPORNOSTI PREMA PO\u017dARU<br>ELEMENTI GRA\u0110EVINSKIH KONSTRUKCIJA<\/p>\n\n\n\n<p><strong>FIRE RESISTANCE TESTS-ELEMENTS OF BUILDING CONSTRUCTION<\/strong><\/p>\n\n\n\n<p>Ovaj standard se primenjuje&nbsp; na konstrukcione elemente gra\u0111evinskih konstrukcija kao \u0161to su:<br>\u2013 zidovi i pregrade;<br>\u2013 stubovi;<br><strong>\u2013 nosa\u010di.<\/strong><\/p>\n\n\n\n<p>7.1 OTPORNOST PREMA PO\u017dARU<\/p>\n\n\n\n<p><strong>Otpornost prema po\u017earu<\/strong>&nbsp;uzoraka za ispitivanje mora biti vremenski izra\u017eeno u minutama. VREME je izra\u017eeno u minutama trajanja zagrevanja u saglasnosti sa 4.1.1 dok se ne desi prekora\u010denje nekog od kriterijuma a to su nosivost i integritet uzoraka.<\/p>\n\n\n\n<p><strong>7.2.3 INTEGRITET<\/strong><\/p>\n\n\n\n<p><strong>INTEGRITET&nbsp;<\/strong>kao perfomansa kanala za odimljavanje ili drugih za\u0161titnih objekata podrazumeva odsustvo pukotina, rupa i drugih otvora u uzorku za ispitivanje kroz koje mo\u017ee pro\u0107i plamen ili topli gasovi. Integritet ozna\u010dava da nema mogu\u0107nosti za prolaz plamena ili toplih gasova zbog \u010dega kanali za odimljavanje zadr\u017eavaju svoje svojstvo i obezbe\u0111uju za\u0161titu od gasova koji predstavljaju naj\u010de\u0161\u0107i uzrok ne\u017eeljenih posledica u slu\u010daju po\u017eara.<\/p>\n\n\n\n<p><em>Upotrebom ekspandiraju\u0107ih premaza posti\u017eu se bitno bolji rezultati od konkurentnih materijala po pitanju otpornosti prema po\u017earu, nosivosti i integritetu za\u0161ti\u0107enih objekata. Drugi materijali pokazuju slabije perfomanse, a uz to zahtevaju upotrebu vi\u0161e materijala za za\u0161titu kanala, kao i dodatne materijale za za\u0161titu spojeva.<\/em><\/p>\n\n\n\n<p><strong>PRAVILNIK O TEHNI\u010cKIM ZAHTEVIMA ZA ZA\u0160TITU GARA\u017dA ZA PUTNI\u010cKE AUTOMOBILE OD PO\u017dARA I EKSPLOZIJA<\/strong><\/p>\n\n\n\n<p>Ovim pravilnikom se reguli\u0161u pitanja ispunjenosti tehni\u010dkih uslova neophodnih za efikasnu za\u0161titu gara\u017ea u slu\u010daju izbijanja po\u017eara.<\/p>\n\n\n\n<p>Ukazuje se na odredbu \u010dlana 21. Pravilnika koji propisuje neophodnu visinu gara\u017enog prostora radi garantovanja nesmetanog kretanja ljudi. U to neophodnu visinu se ura\u010dunava visina od poda pa do tavani\u010dnih greda, odnosno do ventilacionih cevi koje su neophodan element gara\u017enih prostorija. Prilikom izbora sredstava kojima se \u0161tite kanali za odimljavanje zna\u010dajno je koliko prostora zauzimaju pojedina sredstva za\u0161tite. Zna\u010dajnu prednost u ovom segmentu nude ekspandiraju\u0107i premazi koji ne zauzimaju prostor, odnosno oni su izuzetno ekonomi\u010dni jer nivo kanala ostaje potpuno isti kada su oni za\u0161ti\u0107eni ekspandiraju\u0107im premazima, dok to nije situacija kada se oni \u0161tite drugim sredstvima koji su mnogo kabastiji usled \u010dega zauzimaju mnogo vi\u0161e prostora i dodatno smanjuju visinu gara\u017enog prostora, te samim tim dodatno smanjuju raspolo\u017eivi prostor i optere\u0107uju konstrukciju. \u010clan 21. Pravilnika glasi: \u201eDa bi se omogucilo nesmetano kretanje ljudi u garazi,unutrasnja visina u svim delovima garaze od poda do donje ivice&nbsp; tavanicnih greda,ventilacionih cevi i elemenata instalisane opreme,ne moze biti manja od 2,20 metara.\u201c<\/p>\n\n\n\n<p><strong>PRAVILNIK O TEHNI\u010cKIM NORMATIVIMA ZA SISTEME ZA VENTILACIJU ILI KLIMATIZACIJU<\/strong><\/p>\n\n\n\n<p>Ovim Pravilnikom se reguli\u0161u tehni\u010dke norme u vezi sa kanalima za odimljavanje, odnosno sistemima za ventilaciju i klimatizaciju. Posebno se ukazuje na odredbe \u010dlanova 30. i 76. kojima se propisuje minimalno vreme u kom ventilacija i klimatizacija mora raditi za slu\u010daj po\u017eara kako bi se izbegle ili umanjile \u0161tetne posledice, kao i funkcija klapni.<\/p>\n\n\n\n<p>\u010clan 30. glasi:&nbsp;<strong><em>\u201eAKO JE PREDVI\u0110ENO DA VENTILACIJA ILI KLIMATIZACIJA RADE U TOKU PO\u017dARA NJIHOV RAD MORA DA BUDE OBEZBE\u0110EN U TRAJANJU OD NAJMANJE 90 MINUTA.\u201c<\/em><\/strong><\/p>\n\n\n\n<p><em>\u010clan 76. glasi:&nbsp;<\/em><strong><em>\u201eKLAPNE SE POSTAVLJAJU NA ULAZU I IZLAZU IZ GRA\u0110EVINSKOG \u0160AHTA KOJI SLU\u017dI ZA PROLAZ KANALA KOJI SPAJAJU VI\u0160E ETA\u017dA. AKO OVI KANALI SLU\u017dE ZA ODVO\u0110ENJE DIMA I TOPLOTE ZA VREME TRAJANJA PO\u017dARA MORAJU DA BUDU OTPORNI NA PO\u017dAR MINIMALNO 90 MINUTA, ALI ONDA NIJE POTREBNO POSTAVLJANJE KLAPNI.\u201c<\/em><\/strong><\/p>\n\n\n\n<p><em>U vezi sa napred navedenim odredbama, a prevashodno sa efikasnom za\u0161titom od po\u017eara, ukazuje se na odre\u0111ene nedoslednosti u regulativi kako bi se iste otklonile ili ispravile. Naime, praksa je pokazala da je najve\u0107i problem u situacijama kada izbijaju po\u017eari u gara\u017eama i drugim sli\u010dnim prostorijama odsustvo ventilatora, odnosno mnogo \u010de\u0161\u0107e njihova neefikasnost ili nefunkcionalnost. Svakako najbitniji ili jedan od najbitnijih faktora za pravilan rad sistema za ventilaciju predstavlja ventilator koji omogu\u0107ava pravilno funkcionisanje ventilacionih odnosno klimatizacionih kanala. Uprkos tome, u ve\u0107ini slu\u010dajeva ventilatori se ugra\u0111uju bez odgovaraju\u0107e dokumentacije, odnosno bez izve\u0161taja o ispitivanjima. Od prate\u0107e dokumentacije po pravilu uz ventilatore se dostavljaju samo mi\u0161ljenja koja ne predstavljaju obavezuju\u0107e dokumenta.<\/em><\/p>\n\n\n\n<p>SRPS EN 13501-4:2014, PO\u017dARNA KLASIFIKACIJA GRA\u0110EVINSKIH PROIZVODA I GRA\u0110EVINSKIH ELEMENATA \u2013 DEO 4: KLASIFIKACIJA NA OSNOVU PODATAKA IZ ISPITIVANJA OTPORNOSTI PREMA PO\u017dARU NA KOMPONENTAMA SISTEMA&nbsp; ZA KONTROLU DIMA<\/p>\n\n\n\n<p><strong>FIRE CLASSIFICATION OF CONSTRUCTION PRODUCTS AND BUILDING ELEMENTS-PART 4: CLASSIFICATIOS USING DATA FROM FIRE RESISTANCE TESTS ON COMPONENTS OF SMOKE CONTROL SYSTEMS<\/strong><\/p>\n\n\n\n<p>SRPS EN 1366-1:2015 (SRPS ISO 6944<em>)&nbsp; koji vise ne vazi ali ga ljudi prepoznaju<br><\/em>ISPITIVANJE OTPORNOSTI SERVISNIH INSTALACIJA NA PO\u017dAR \u2013DEO 1<br>VENTILACIONI KANALI<\/p>\n\n\n\n<p>SRPS EN 1363-1:2014<br>ISPITIVANJE OTPORNOSTI NA PO\u017dAR \u2013DEO 1<br>OP\u0160TI ZAHTEVI<\/p>\n\n\n\n<p>EN 1363-2 &nbsp;KOJI SE OSLANJA NA 1<\/p>\n\n\n\n<p><strong>SRPS EN 1366-9 FIRE RESISTACE TESTS FOR SERVICE INSTALLATIONS \u2013PART 9 SINGLE COMPARTMENT SMOKE EXTRACTION DUCTS<\/strong><\/p>\n\n\n\n<p>Neophodno je da kanali u po\u017earu sa\u010duvaju INTEGRITET i stabilnost, i ne promene oblik kako bi bio omogu\u0107en neometan protok dima \u010dime bi se sa\u010duvala njihova funkcija i namena, kao i da nosa\u010di kanala ne popuste pod optere\u0107enjem i time spre\u010de uru\u0161avanje kanala!<\/p>\n\n\n\n<p><strong><em>NAPOMENA:<\/em><\/strong><\/p>\n\n\n\n<p><em>Za\u0161tita protivpo\u017earnim premazima predstavlja pasivan vid za\u0161tite od po\u017eara predvi\u0111en zakonskim odredbama, postoje\u0107im normama i standardima, koji ne spre\u010dava &nbsp;izbijanje po\u017eara ali poma\u017ee u situacijama kada do\u0111e do po\u017eara. Upotrebom protivpo\u017earnih premaza spre\u010dava se gubitak stati\u010dkih svojstava \u010deli\u010dnih, drvenih i betonskih konstrukcija, kao i prodora elektri\u010dnih kablova, te se zna\u010dajno pove\u0107ava njihova otpornost na po\u017ear.<\/em><\/p>\n\n\n\n\n\t\t\t<\/div>\n\n\n\n<p><\/p>\n\n\n<p>[vc_row][vc_column][vc_column_text]<div class=\"carousel-slider-outer carousel-slider-outer-image-carousel carousel-slider-outer-1291\" style=\"--carousel-slider-nav-color:#515151;--carousel-slider-active-nav-color:#e53232;--carousel-slider-arrow-size:48px;--carousel-slider-bullet-size:10px\">\n<div id=\"&#039;id-1291\" class=\"carousel-slider carousel-slider-1291 arrows-visibility-hover dots-visibility-always arrows-outside dots-center dots-circle owl-carousel\" data-slide-type=\"image-carousel\" data-owl-settings='{\"nav\":true,\"dots\":true,\"slideBy\":1,\"stagePadding\":0,\"margin\":10,\"loop\":true,\"lazyLoad\":true,\"autoplay\":true,\"autoplayTimeout\":5000,\"autoplaySpeed\":500,\"autoplayHoverPause\":true,\"autoWidth\":false,\"responsive\":{\"300\":{\"items\":1},\"576\":{\"items\":2},\"768\":{\"items\":2},\"1024\":{\"items\":3},\"1280\":{\"items\":4},\"1536\":{\"items\":5}}}'>\n<div class=\"carousel-slider__item\">\n\t<a class=\"magnific-popup\" href=\"https:\/\/propokanpro.com\/wp-content\/uploads\/2019\/04\/100_2010-1.jpg\" data-width=\"1000\" data-height=\"750\"><img class=\"owl-lazy\" data-src=\"https:\/\/propokanpro.com\/wp-content\/uploads\/2019\/04\/100_2010-1-640x480.jpg\" alt=\"\"><\/a><\/div>\n\n<div class=\"carousel-slider__item\">\n\t<a class=\"magnific-popup\" href=\"https:\/\/propokanpro.com\/wp-content\/uploads\/2019\/04\/100_2013-1.jpg\" data-width=\"1000\" data-height=\"750\"><img class=\"owl-lazy\" data-src=\"https:\/\/propokanpro.com\/wp-content\/uploads\/2019\/04\/100_2013-1-640x480.jpg\" alt=\"\"><\/a><\/div>\n\n<div class=\"carousel-slider__item\">\n\t<a class=\"magnific-popup\" href=\"https:\/\/propokanpro.com\/wp-content\/uploads\/2019\/04\/100_2014-1.jpg\" data-width=\"1000\" data-height=\"750\"><img class=\"owl-lazy\" data-src=\"https:\/\/propokanpro.com\/wp-content\/uploads\/2019\/04\/100_2014-1-640x480.jpg\" alt=\"\"><\/a><\/div>\n\n<div class=\"carousel-slider__item\">\n\t<a class=\"magnific-popup\" href=\"https:\/\/propokanpro.com\/wp-content\/uploads\/2019\/04\/100_2030-1.jpg\" data-width=\"1000\" data-height=\"750\"><img class=\"owl-lazy\" data-src=\"https:\/\/propokanpro.com\/wp-content\/uploads\/2019\/04\/100_2030-1-640x480.jpg\" alt=\"\"><\/a><\/div>\n\n<div class=\"carousel-slider__item\">\n\t<a class=\"magnific-popup\" href=\"https:\/\/propokanpro.com\/wp-content\/uploads\/2019\/04\/100_2038-1.jpg\" data-width=\"1000\" data-height=\"750\"><img class=\"owl-lazy\" data-src=\"https:\/\/propokanpro.com\/wp-content\/uploads\/2019\/04\/100_2038-1-640x480.jpg\" alt=\"\"><\/a><\/div>\n\n<div class=\"carousel-slider__item\">\n\t<a class=\"magnific-popup\" href=\"https:\/\/propokanpro.com\/wp-content\/uploads\/2019\/04\/100_2053-1.jpg\" data-width=\"1000\" data-height=\"750\"><img class=\"owl-lazy\" data-src=\"https:\/\/propokanpro.com\/wp-content\/uploads\/2019\/04\/100_2053-1-640x480.jpg\" alt=\"\"><\/a><\/div>\n\n<div class=\"carousel-slider__item\">\n\t<a class=\"magnific-popup\" href=\"https:\/\/propokanpro.com\/wp-content\/uploads\/2019\/04\/100_2059-1.jpg\" data-width=\"1000\" data-height=\"750\"><img class=\"owl-lazy\" data-src=\"https:\/\/propokanpro.com\/wp-content\/uploads\/2019\/04\/100_2059-1-640x480.jpg\" alt=\"\"><\/a><\/div>\n\n<div class=\"carousel-slider__item\">\n\t<a class=\"magnific-popup\" href=\"https:\/\/propokanpro.com\/wp-content\/uploads\/2019\/04\/100_2184.jpg\" data-width=\"1000\" data-height=\"750\"><img class=\"owl-lazy\" data-src=\"https:\/\/propokanpro.com\/wp-content\/uploads\/2019\/04\/100_2184-640x480.jpg\" alt=\"\"><\/a><\/div>\n\n<div class=\"carousel-slider__item\">\n\t<a class=\"magnific-popup\" href=\"https:\/\/propokanpro.com\/wp-content\/uploads\/2019\/04\/100_2192-1.jpg\" data-width=\"1000\" data-height=\"750\"><img class=\"owl-lazy\" data-src=\"https:\/\/propokanpro.com\/wp-content\/uploads\/2019\/04\/100_2192-1-640x480.jpg\" alt=\"\"><\/a><\/div>\n\n<div class=\"carousel-slider__item\">\n\t<a class=\"magnific-popup\" href=\"https:\/\/propokanpro.com\/wp-content\/uploads\/2019\/04\/100_2195.jpg\" data-width=\"1000\" data-height=\"750\"><img class=\"owl-lazy\" data-src=\"https:\/\/propokanpro.com\/wp-content\/uploads\/2019\/04\/100_2195-640x480.jpg\" alt=\"\"><\/a><\/div>\n\n<\/div><!-- .carousel-slider-1291 -->\n<\/div><!-- .carousel-slider-outer-1291 -->\n[\/vc_column_text][\/vc_column][\/vc_row]<\/p>\n<p><\/p>\n\n\n<p> <br>[vc_row][vc_column]<div class=\"share-options align-left\"><h6>Podelite:<\/h6><a href=\"\" class=\"twitter-sharer\" onClick=\"twitterSharer()\"><i class=\"fa fa-twitter\"><\/i><\/a><a href=\"\" class=\"facebook-sharer\" onClick=\"facebookSharer()\"><i class=\"fa fa-facebook\"><\/i><\/a><a href=\"\" class=\"pinterest-sharer\" onClick=\"pinterestSharer()\"><i class=\"fa fa-pinterest\"><\/i><\/a><a href=\"\" class=\"google-sharer\" onClick=\"googleSharer()\"><i class=\"fa fa-google-plus\"><\/i><\/a><a href=\"\" class=\"delicious-sharer\" onClick=\"deliciousSharer()\"><i class=\"fa fa-share\"><\/i><\/a><a href=\"\" class=\"linkedin-sharer\" onClick=\"linkedinSharer()\"><i class=\"fa fa-linkedin\"><\/i><\/a><\/div><p><\/p>[\/vc_column][\/vc_row]  <\/p>\n","protected":false},"excerpt":{"rendered":"<p>OBAVEZNI STANDARDI PRAVILNICI I DRUGA REGULATIVA U VEZI ZA\u0160TITE OD PO\u017dARA Problematika za\u0161tite od po\u017eara kanala za odimljavanje&#8230; <a class=\"excerpt-read-more\" href=\"https:\/\/propokanpro.com\/eng\/obavezni-standardi\/\"><span>Read More<\/span><\/a><\/p>","protected":false},"author":1,"featured_media":0,"parent":0,"menu_order":0,"comment_status":"closed","ping_status":"closed","template":"","meta":{"footnotes":""},"yoast_head":"<!-- This site is optimized with the Yoast SEO plugin v23.5 - https:\/\/yoast.com\/wordpress\/plugins\/seo\/ -->\n<title>Obavezni standardi - PropokanPro<\/title>\n<meta name=\"robots\" content=\"index, follow, max-snippet:-1, max-image-preview:large, max-video-preview:-1\" \/>\n<link rel=\"canonical\" href=\"https:\/\/propokanpro.com\/eng\/obavezni-standardi\/\" \/>\n<meta property=\"og:locale\" content=\"en_US\" \/>\n<meta property=\"og:type\" content=\"article\" \/>\n<meta property=\"og:title\" content=\"Obavezni standardi - PropokanPro\" \/>\n<meta property=\"og:description\" content=\"OBAVEZNI STANDARDI PRAVILNICI I DRUGA REGULATIVA U VEZI ZA\u0160TITE OD PO\u017dARA Problematika za\u0161tite od po\u017eara kanala za odimljavanje... Read More\" \/>\n<meta property=\"og:url\" content=\"https:\/\/propokanpro.com\/eng\/obavezni-standardi\/\" \/>\n<meta property=\"og:site_name\" content=\"PropokanPro\" \/>\n<meta property=\"article:modified_time\" content=\"2022-10-04T06:03:46+00:00\" \/>\n<meta name=\"twitter:card\" content=\"summary_large_image\" \/>\n<meta name=\"twitter:label1\" content=\"Est. reading time\" \/>\n\t<meta name=\"twitter:data1\" content=\"6 minutes\" \/>\n<script type=\"application\/ld+json\" class=\"yoast-schema-graph\">{\"@context\":\"https:\/\/schema.org\",\"@graph\":[{\"@type\":\"WebPage\",\"@id\":\"https:\/\/propokanpro.com\/obavezni-standardi\/\",\"url\":\"https:\/\/propokanpro.com\/obavezni-standardi\/\",\"name\":\"Obavezni standardi - PropokanPro\",\"isPartOf\":{\"@id\":\"https:\/\/propokanpro.com\/#website\"},\"datePublished\":\"2019-04-01T12:27:56+00:00\",\"dateModified\":\"2022-10-04T06:03:46+00:00\",\"breadcrumb\":{\"@id\":\"https:\/\/propokanpro.com\/obavezni-standardi\/#breadcrumb\"},\"inLanguage\":\"en-US\",\"potentialAction\":[{\"@type\":\"ReadAction\",\"target\":[\"https:\/\/propokanpro.com\/obavezni-standardi\/\"]}]},{\"@type\":\"BreadcrumbList\",\"@id\":\"https:\/\/propokanpro.com\/obavezni-standardi\/#breadcrumb\",\"itemListElement\":[{\"@type\":\"ListItem\",\"position\":1,\"name\":\"Home\",\"item\":\"https:\/\/propokanpro.com\/\"},{\"@type\":\"ListItem\",\"position\":2,\"name\":\"Obavezni standardi\"}]},{\"@type\":\"WebSite\",\"@id\":\"https:\/\/propokanpro.com\/#website\",\"url\":\"https:\/\/propokanpro.com\/\",\"name\":\"PropokanPro\",\"description\":\"\",\"publisher\":{\"@id\":\"https:\/\/propokanpro.com\/#organization\"},\"potentialAction\":[{\"@type\":\"SearchAction\",\"target\":{\"@type\":\"EntryPoint\",\"urlTemplate\":\"https:\/\/propokanpro.com\/?s={search_term_string}\"},\"query-input\":{\"@type\":\"PropertyValueSpecification\",\"valueRequired\":true,\"valueName\":\"search_term_string\"}}],\"inLanguage\":\"en-US\"},{\"@type\":\"Organization\",\"@id\":\"https:\/\/propokanpro.com\/#organization\",\"name\":\"Propokan Pro d.o.o.\",\"url\":\"https:\/\/propokanpro.com\/\",\"logo\":{\"@type\":\"ImageObject\",\"inLanguage\":\"en-US\",\"@id\":\"https:\/\/propokanpro.com\/#\/schema\/logo\/image\/\",\"url\":\"https:\/\/propokanpro.com\/wp-content\/uploads\/2019\/04\/cropped-miki1-e1554138477224.png\",\"contentUrl\":\"https:\/\/propokanpro.com\/wp-content\/uploads\/2019\/04\/cropped-miki1-e1554138477224.png\",\"width\":200,\"height\":75,\"caption\":\"Propokan Pro d.o.o.\"},\"image\":{\"@id\":\"https:\/\/propokanpro.com\/#\/schema\/logo\/image\/\"},\"sameAs\":[\"https:\/\/www.linkedin.com\/company\/propokan-pro-passive-fire-protection\/?viewAsMember=true\"]}]}<\/script>\n<!-- \/ Yoast SEO plugin. -->","yoast_head_json":{"title":"Obavezni standardi - PropokanPro","robots":{"index":"index","follow":"follow","max-snippet":"max-snippet:-1","max-image-preview":"max-image-preview:large","max-video-preview":"max-video-preview:-1"},"canonical":"https:\/\/propokanpro.com\/eng\/obavezni-standardi\/","og_locale":"en_US","og_type":"article","og_title":"Obavezni standardi - PropokanPro","og_description":"OBAVEZNI STANDARDI PRAVILNICI I DRUGA REGULATIVA U VEZI ZA\u0160TITE OD PO\u017dARA Problematika za\u0161tite od po\u017eara kanala za odimljavanje... Read More","og_url":"https:\/\/propokanpro.com\/eng\/obavezni-standardi\/","og_site_name":"PropokanPro","article_modified_time":"2022-10-04T06:03:46+00:00","twitter_card":"summary_large_image","twitter_misc":{"Est. reading time":"6 minutes"},"schema":{"@context":"https:\/\/schema.org","@graph":[{"@type":"WebPage","@id":"https:\/\/propokanpro.com\/obavezni-standardi\/","url":"https:\/\/propokanpro.com\/obavezni-standardi\/","name":"Obavezni standardi - PropokanPro","isPartOf":{"@id":"https:\/\/propokanpro.com\/#website"},"datePublished":"2019-04-01T12:27:56+00:00","dateModified":"2022-10-04T06:03:46+00:00","breadcrumb":{"@id":"https:\/\/propokanpro.com\/obavezni-standardi\/#breadcrumb"},"inLanguage":"en-US","potentialAction":[{"@type":"ReadAction","target":["https:\/\/propokanpro.com\/obavezni-standardi\/"]}]},{"@type":"BreadcrumbList","@id":"https:\/\/propokanpro.com\/obavezni-standardi\/#breadcrumb","itemListElement":[{"@type":"ListItem","position":1,"name":"Home","item":"https:\/\/propokanpro.com\/"},{"@type":"ListItem","position":2,"name":"Obavezni standardi"}]},{"@type":"WebSite","@id":"https:\/\/propokanpro.com\/#website","url":"https:\/\/propokanpro.com\/","name":"PropokanPro","description":"","publisher":{"@id":"https:\/\/propokanpro.com\/#organization"},"potentialAction":[{"@type":"SearchAction","target":{"@type":"EntryPoint","urlTemplate":"https:\/\/propokanpro.com\/?s={search_term_string}"},"query-input":{"@type":"PropertyValueSpecification","valueRequired":true,"valueName":"search_term_string"}}],"inLanguage":"en-US"},{"@type":"Organization","@id":"https:\/\/propokanpro.com\/#organization","name":"AT&amp;\u0422C Propokan pro system doo","url":"https:\/\/propokanpro.com\/","logo":{"@type":"ImageObject","inLanguage":"en-US","@id":"https:\/\/propokanpro.com\/#\/schema\/logo\/image\/","url":"https:\/\/propokanpro.com\/wp-content\/uploads\/2019\/04\/cropped-miki1-e1554138477224.png","contentUrl":"https:\/\/propokanpro.com\/wp-content\/uploads\/2019\/04\/cropped-miki1-e1554138477224.png","width":200,"height":75,"caption":"Propokan Pro d.o.o."},"image":{"@id":"https:\/\/propokanpro.com\/#\/schema\/logo\/image\/"},"sameAs":["https:\/\/www.linkedin.com\/company\/propokan-pro-passive-fire-protection\/?viewAsMember=true"]}]}},"_links":{"self":[{"href":"https:\/\/propokanpro.com\/eng\/wp-json\/wp\/v2\/pages\/383"}],"collection":[{"href":"https:\/\/propokanpro.com\/eng\/wp-json\/wp\/v2\/pages"}],"about":[{"href":"https:\/\/propokanpro.com\/eng\/wp-json\/wp\/v2\/types\/page"}],"author":[{"embeddable":true,"href":"https:\/\/propokanpro.com\/eng\/wp-json\/wp\/v2\/users\/1"}],"replies":[{"embeddable":true,"href":"https:\/\/propokanpro.com\/eng\/wp-json\/wp\/v2\/comments?post=383"}],"version-history":[{"count":15,"href":"https:\/\/propokanpro.com\/eng\/wp-json\/wp\/v2\/pages\/383\/revisions"}],"predecessor-version":[{"id":2857,"href":"https:\/\/propokanpro.com\/eng\/wp-json\/wp\/v2\/pages\/383\/revisions\/2857"}],"wp:attachment":[{"href":"https:\/\/propokanpro.com\/eng\/wp-json\/wp\/v2\/media?parent=383"}],"curies":[{"name":"wp","href":"https:\/\/api.w.org\/{rel}","templated":true}]}}