{"id":2532,"date":"2020-10-21T12:15:57","date_gmt":"2020-10-21T12:15:57","guid":{"rendered":"http:\/\/propokanpro.com\/?page_id=2532"},"modified":"2020-10-21T12:15:58","modified_gmt":"2020-10-21T12:15:58","slug":"uvc-tehnologija-mitovi-ili-cinjenice","status":"publish","type":"page","link":"https:\/\/propokanpro.com\/eng\/uvc-tehnologija-mitovi-ili-cinjenice\/","title":{"rendered":"UVC Technology: Myths or Facts"},"content":{"rendered":"<p>Uprkos tome \u0161to je prepoznato po zna\u010dajnom pobolj\u0161anju nivoa protoka vazduha i efikasnosti prenosa toplote i smanjenju tro\u0161kova povezanih sa HVAC sistemima, ultraljubi\u010dasto svetlo u talasnoj du\u017eini C pojasa (UVC) od 253,7 nm \u010desto se pogre\u0161no razume i zbog toga se premalo koristi u HVAC sistemima od strane izvo\u0111a\u010da, ma\u0161inskih in\u017eenjera i krajnjih korisnika. Da bismo vam pomogli da razjasnite uobi\u010dajene zablude i pobolj\u0161ate va\u0161e razumevanje rada UV izvora zra\u010denja, izneli smo ove UV mitove i \u010dinjenice.<\/p>\n\n\n\n<p><strong>HVAC UVC ubija gotovo sve patogene u vazduhu: \u010cinjenica<\/strong><\/p>\n\n\n\n<p>Organizacija ASHRAE je prepoznao da talasna du\u017eina od 253,7 nm mikrobiolo\u0161kog pojasa inaktivira gotovo sve mikroorganizme koji \u017eive na povr\u0161inama HVAC sistema sa efikasno\u0161\u0107u ubijanja od 90 ili vi\u0161e procenata, u zavisnosti od intenziteta UVC, du\u017eine izlaganja, postavljanja izvora zra\u010denja i \u017eivotnog veka sijalica. Zapravo, studija koju je 2013. godine finansirao CDC, sprovedena u dve bolnice, otkrila je da je UVC smanjio ukupan broj jedinica koje formiraju kolonije bilo kog patogena u sobi za 91 procenat. Nauka jo\u0161 uvek nije prona\u0161la mikroorganizam koji je potpuno imun na razaraju\u0107e efekte UVC, uklju\u010duju\u0107i superbakterije i sve druge mikrobe otporne na antibiotike povezane sa infekcijama povezanim sa zdravstvenom za\u0161titom.<\/p>\n\n\n\n<p><strong>UVC \u010dini da va\u0161 HVAC sistem funkcioni\u0161e kao nov: \u010cinjenica<\/strong><\/p>\n\n\n\n<p>Kako se plesni, biofilm i druga organska jedinjenja akumuliraju na rashladnim kalemima i ostalim HVAC povr\u0161inama; sistem neizbe\u017eno postaje manje efikasan u uklanjanju toplote. Ovaj gubitak u efikasnosti prenosa toplote primorava operatere da to nadoknade energetski intenzivnijim pode\u0161avanjima. U stvari, istra\u017eiva\u010di su otkrili da je izlaganje zaprljane rashladne zavojnice UVC rezultiralo padom pritiska od 10 procenata i pove\u0107anjem koeficijenta prenosa toplote za 14,55 procenata u referentnim uslovima. U novim HVAC sistemima sa instaliranim UVC-om, takvo nakupljanje se ne\u0107e formirati zbog neprekidnog bombardovanja UVC energije 24\/7\/365. Naknadno ugra\u0111eni, UVC razgra\u0111uje organsku materiju koja se nakupila tokom vremena, a zatim spre\u010dava njen povratak (sve dok se sijalice redovno zamenjuju, pogledajte Mit br. 5). Energija UVC tako\u0111e prodire duboko u kalem da bi se eliminisalo nakupljanje do kojeg se ne mo\u017ee do\u0107i ni mehani\u010dkim (pranje pod pritiskom) ni hemijskim tretmanom. Drugim re\u010dima, UVC pobolj\u0161ava protok vazduha i vra\u0107a nivo prenosa toplote u projektovani kapacitet. Ovo zna\u010di manje energije potrebne za obezbe\u0111ivanje potrebne koli\u010dine hla\u0111enja i protoka vazduha koju zahteva objekat. UVC instaliran u starijim HVAC sistemima mo\u017ee smanjiti potro\u0161nju energije sistema do 25 procenata.<\/p>\n\n\n\n<p><strong>UVC tehnologija nije nova: \u010cinjenica<\/strong><\/p>\n\n\n\n<p>Neupu\u0107enima UVC mo\u017ee izgledati futuristi\u010dki, kao neko o\u0161tro, plavo svetlo iz nau\u010dne fantastike. Zapravo, sada poznato po tome \u0161to donosi u\u0161tedu energije ve\u0107u od 25 procenata, poja\u010dava protok vazduha i produ\u017eava \u017eivotni vek HVAC opreme, UVC tehnologija je predstavljena 1940-ih pru\u017eaju\u0107i \u010distiji, zdraviji vazduh. Jedan veteran menad\u017eer odr\u017eavanja koji je nedavno instalirao UVC podsetio je: \u201eSe\u0107am se kako su svetla postavljena iznad vrata mog doktora da bi ubila mikrobe\u201c. Od sredine 1990-ih, UVC se koristi za zna\u010dajno pobolj\u0161anje HVAC protoka vazduha i efikasnosti razmene toplote. UVC sijalice su zaista izdr\u017eale test vremena i pokazale se kao pouzdano sredstvo za potpuno uni\u0161tavanje \u0161tetnih mikroorganizama.<\/p>\n\n\n\n<p><strong>UVC traje zauvek (nisu potrebne promene sijalica): Mit<\/strong><\/p>\n\n\n\n<p>Veoma je lako \u201einstalirati i zaboraviti\u201c kada su u pitanju UVC sijalice, ali ni\u0161ta ne traje ve\u010dno. Proizvo\u0111a\u010di UVC sijalica kao \u0161to su Philips, Osram, itd. deklari\u0161u \u201ekorisni vek trajanja\u201c svoje lampe na 9.000 sati ili ne\u0161to vi\u0161e od godinu dana kada rade 24\/7\/365. U tom trenutku snaga lampe mo\u017ee pasti na 85 procenata svog prvobitnog nivoa energije. Stoga je obavezna godi\u0161nja zamena sijalica, ako \u017eelite da zadr\u017ee kontinuirane UVC performanse.<\/p>\n\n\n\n<p><strong>UVC \u0107e jednako uticati na sve materijale u HVAC sistemu: Mit<\/strong><\/p>\n\n\n\n<p>U HVAC sistemima postoji mnogo razli\u010ditih materijala, od metala, plastike do sinteti\u010dkih medija, na koje UVC razli\u010dito deluje. Metal je nepropustan za UVC energiju, me\u0111utim UVC mo\u017ee uticati na plasti\u010dne i sinteti\u010dke filtere. Primena aluminijumske trake na plasti\u010dne materijale (elektri\u010dne \u017eice) za\u0161titi\u0107e ih od direktnog izlaganja. Isto tako, UVC sijalice ne bi trebalo instalirati na takav na\u010din da se sinteti\u010dki filteri, koji se obi\u010dno nalaze u stambenim i komercijalnim HVAC sistemima, izla\u017eu energiji UVC.<\/p>\n\n\n\n<p><strong>UVC energija mo\u017ee naneti trajnu \u0161tetu ljudskom zdravlju: Mit<\/strong><\/p>\n\n\n\n<p>Sve mo\u017ee biti bezbedno ili opasno u zavisnosti od na\u010dina na koji se njime rukuje. Isto se odnosi i na UVC. Zbog toga se uvek preporu\u010duje preduzimanje zdravo razumskih koraka, postavljanja nalepnica sa upozorenjima na pristupne ta\u010dke UVC izvora zra\u010denja, instaliranje prekida\u010da i sigurnosnih prekida\u010da i edukacija servisnog osoblja i korisnika objekta kako bi se izbeglo izlaganje UVC zra\u010denju.  Slu\u010dajno izlaganje UVC zra\u010denju mo\u017ee prouzrokovati crvenilo ko\u017ee koji se uklanja u kratkom vremenu (u zavisnosti od koli\u010dine izlo\u017eenosti). Izlaganje o\u010diju mo\u017ee prouzrokovati privremeno zapaljenje ro\u017enja\u010de ili konjunktive, koje se obi\u010dno re\u0161ava u roku od 24-48 sati, u zavisnosti od vremena izlaganja.<\/p>\n\n\n\n<p><strong>Staklo vas ne \u0161titi od UVC zraka: Mit<\/strong><\/p>\n\n\n\n<p>Stakleni prozor na klima komori ili kanalu je najsigurnije sredstvo za gledanje svetlosti. Staklo koje se koristi na tipi\u010dnim prozorima za prikazivanje nije \u201e\u010disto\u201c (npr. Kvarc) i zato blokira UVC talasnu du\u017einu. Sigurnost prozora mo\u017ee se proveriti kori\u0161\u0107enjem radiometra pode\u0161enog na talasnu du\u017einu od 253,7 nm.<\/p>\n\n\n\n<p><strong>HVAC UVC je skup: Mit<\/strong><\/p>\n\n\n\n<p>UVC tehnologija se smatra visokotehnolo\u0161kom i samim tim skupom, ali ovo jednostavno nije ta\u010dno. Prose\u010dni instalirani tro\u0161ak HVAC UVC-a je 0,15 &#8211; 0,30 \u20ac\/cfm. Koriste\u0107i sistem od 10.000 cfm kao primer, instalirani HVAC UVC ure\u0111aji ko\u0161tali bi 1.500 &#8211; 3.000 \u20ac, sa godi\u0161njim operativnim tro\u0161kovima od 178 \u20ac na 0.10 \u20ac\/kV &#8211; koji rade 24\/7\/365. To je manje od 1% prose\u010dne u\u0161tede energije ostvarene efikasnijim (bolji prenos toplote i ni\u017ei pad pritiska) klima ure\u0111ajem.<\/p>\n\n\n\n<p><strong>UVC zraci su plave boje: Mit<\/strong><\/p>\n\n\n\n<p>Plava boja vidljiva u UVC izvorima zra\u010denja ne dolazi iz talasne du\u017eine UVC zraka koji nemaju boju. Zapravo je gas argon u UVC sijalici taj koji proizvodi plavu nijansu. Kada se sijalica uklju\u010di u struju, ona \u201epobu\u0111uje\u201c \u017eivu, generi\u0161u\u0107i foton sa talasnom du\u017einom od 253,7 nm (obi\u010dno se naziva UVC), koji je nevidljiv.<\/p>\n\n\n\n<p><strong>UVC se mo\u017ee koristiti u ku\u0107ama: \u010cinjenica<\/strong><\/p>\n\n\n\n<p>UVC tehnologija nije namenjena samo za bolnice, poslovne zgrade, institucije. Ista tehnologija se mo\u017ee koristiti u stambenim HVAC sistemima za obezbe\u0111ivanje \u010distijeg vazduha, pobolj\u0161anje protoka vazduha i ve\u0107u efikasnost razmene toplote.<\/p>","protected":false},"excerpt":{"rendered":"<p>Uprkos tome \u0161to je prepoznato po zna\u010dajnom pobolj\u0161anju nivoa protoka vazduha i efikasnosti prenosa toplote i smanjenju tro\u0161kova&#8230; <a class=\"excerpt-read-more\" href=\"https:\/\/propokanpro.com\/eng\/uvc-tehnologija-mitovi-ili-cinjenice\/\"><span>Read More<\/span><\/a><\/p>","protected":false},"author":2,"featured_media":0,"parent":0,"menu_order":0,"comment_status":"closed","ping_status":"closed","template":"","meta":{"footnotes":""},"yoast_head":"<!-- This site is optimized with the Yoast SEO plugin v23.5 - https:\/\/yoast.com\/wordpress\/plugins\/seo\/ -->\n<title>UVC tehnologija: Mitovi ili \u010cinjenice - PropokanPro<\/title>\n<meta name=\"robots\" content=\"index, follow, max-snippet:-1, max-image-preview:large, max-video-preview:-1\" \/>\n<link rel=\"canonical\" href=\"https:\/\/propokanpro.com\/eng\/uvc-tehnologija-mitovi-ili-cinjenice\/\" \/>\n<meta property=\"og:locale\" content=\"en_US\" \/>\n<meta property=\"og:type\" content=\"article\" \/>\n<meta property=\"og:title\" content=\"UVC tehnologija: Mitovi ili \u010cinjenice - PropokanPro\" \/>\n<meta property=\"og:description\" content=\"Uprkos tome \u0161to je prepoznato po zna\u010dajnom pobolj\u0161anju nivoa protoka vazduha i efikasnosti prenosa toplote i smanjenju tro\u0161kova... Read More\" \/>\n<meta property=\"og:url\" content=\"https:\/\/propokanpro.com\/eng\/uvc-tehnologija-mitovi-ili-cinjenice\/\" \/>\n<meta property=\"og:site_name\" content=\"PropokanPro\" \/>\n<meta property=\"article:modified_time\" content=\"2020-10-21T12:15:58+00:00\" \/>\n<meta name=\"twitter:card\" content=\"summary_large_image\" \/>\n<meta name=\"twitter:label1\" content=\"Est. reading time\" \/>\n\t<meta name=\"twitter:data1\" content=\"6 minutes\" \/>\n<script type=\"application\/ld+json\" class=\"yoast-schema-graph\">{\"@context\":\"https:\/\/schema.org\",\"@graph\":[{\"@type\":\"WebPage\",\"@id\":\"https:\/\/propokanpro.com\/uvc-tehnologija-mitovi-ili-cinjenice\/\",\"url\":\"https:\/\/propokanpro.com\/uvc-tehnologija-mitovi-ili-cinjenice\/\",\"name\":\"UVC tehnologija: Mitovi ili \u010cinjenice - PropokanPro\",\"isPartOf\":{\"@id\":\"https:\/\/propokanpro.com\/#website\"},\"datePublished\":\"2020-10-21T12:15:57+00:00\",\"dateModified\":\"2020-10-21T12:15:58+00:00\",\"breadcrumb\":{\"@id\":\"https:\/\/propokanpro.com\/uvc-tehnologija-mitovi-ili-cinjenice\/#breadcrumb\"},\"inLanguage\":\"en-US\",\"potentialAction\":[{\"@type\":\"ReadAction\",\"target\":[\"https:\/\/propokanpro.com\/uvc-tehnologija-mitovi-ili-cinjenice\/\"]}]},{\"@type\":\"BreadcrumbList\",\"@id\":\"https:\/\/propokanpro.com\/uvc-tehnologija-mitovi-ili-cinjenice\/#breadcrumb\",\"itemListElement\":[{\"@type\":\"ListItem\",\"position\":1,\"name\":\"Home\",\"item\":\"https:\/\/propokanpro.com\/\"},{\"@type\":\"ListItem\",\"position\":2,\"name\":\"UVC tehnologija: Mitovi ili \u010cinjenice\"}]},{\"@type\":\"WebSite\",\"@id\":\"https:\/\/propokanpro.com\/#website\",\"url\":\"https:\/\/propokanpro.com\/\",\"name\":\"PropokanPro\",\"description\":\"\",\"publisher\":{\"@id\":\"https:\/\/propokanpro.com\/#organization\"},\"potentialAction\":[{\"@type\":\"SearchAction\",\"target\":{\"@type\":\"EntryPoint\",\"urlTemplate\":\"https:\/\/propokanpro.com\/?s={search_term_string}\"},\"query-input\":{\"@type\":\"PropertyValueSpecification\",\"valueRequired\":true,\"valueName\":\"search_term_string\"}}],\"inLanguage\":\"en-US\"},{\"@type\":\"Organization\",\"@id\":\"https:\/\/propokanpro.com\/#organization\",\"name\":\"Propokan Pro d.o.o.\",\"url\":\"https:\/\/propokanpro.com\/\",\"logo\":{\"@type\":\"ImageObject\",\"inLanguage\":\"en-US\",\"@id\":\"https:\/\/propokanpro.com\/#\/schema\/logo\/image\/\",\"url\":\"https:\/\/propokanpro.com\/wp-content\/uploads\/2019\/04\/cropped-miki1-e1554138477224.png\",\"contentUrl\":\"https:\/\/propokanpro.com\/wp-content\/uploads\/2019\/04\/cropped-miki1-e1554138477224.png\",\"width\":200,\"height\":75,\"caption\":\"Propokan Pro d.o.o.\"},\"image\":{\"@id\":\"https:\/\/propokanpro.com\/#\/schema\/logo\/image\/\"},\"sameAs\":[\"https:\/\/www.linkedin.com\/company\/propokan-pro-passive-fire-protection\/?viewAsMember=true\"]}]}<\/script>\n<!-- \/ Yoast SEO plugin. -->","yoast_head_json":{"title":"UVC tehnologija: Mitovi ili \u010cinjenice - PropokanPro","robots":{"index":"index","follow":"follow","max-snippet":"max-snippet:-1","max-image-preview":"max-image-preview:large","max-video-preview":"max-video-preview:-1"},"canonical":"https:\/\/propokanpro.com\/eng\/uvc-tehnologija-mitovi-ili-cinjenice\/","og_locale":"en_US","og_type":"article","og_title":"UVC tehnologija: Mitovi ili \u010cinjenice - PropokanPro","og_description":"Uprkos tome \u0161to je prepoznato po zna\u010dajnom pobolj\u0161anju nivoa protoka vazduha i efikasnosti prenosa toplote i smanjenju tro\u0161kova... Read More","og_url":"https:\/\/propokanpro.com\/eng\/uvc-tehnologija-mitovi-ili-cinjenice\/","og_site_name":"PropokanPro","article_modified_time":"2020-10-21T12:15:58+00:00","twitter_card":"summary_large_image","twitter_misc":{"Est. reading time":"6 minutes"},"schema":{"@context":"https:\/\/schema.org","@graph":[{"@type":"WebPage","@id":"https:\/\/propokanpro.com\/uvc-tehnologija-mitovi-ili-cinjenice\/","url":"https:\/\/propokanpro.com\/uvc-tehnologija-mitovi-ili-cinjenice\/","name":"UVC tehnologija: Mitovi ili \u010cinjenice - PropokanPro","isPartOf":{"@id":"https:\/\/propokanpro.com\/#website"},"datePublished":"2020-10-21T12:15:57+00:00","dateModified":"2020-10-21T12:15:58+00:00","breadcrumb":{"@id":"https:\/\/propokanpro.com\/uvc-tehnologija-mitovi-ili-cinjenice\/#breadcrumb"},"inLanguage":"en-US","potentialAction":[{"@type":"ReadAction","target":["https:\/\/propokanpro.com\/uvc-tehnologija-mitovi-ili-cinjenice\/"]}]},{"@type":"BreadcrumbList","@id":"https:\/\/propokanpro.com\/uvc-tehnologija-mitovi-ili-cinjenice\/#breadcrumb","itemListElement":[{"@type":"ListItem","position":1,"name":"Home","item":"https:\/\/propokanpro.com\/"},{"@type":"ListItem","position":2,"name":"UVC tehnologija: Mitovi ili \u010cinjenice"}]},{"@type":"WebSite","@id":"https:\/\/propokanpro.com\/#website","url":"https:\/\/propokanpro.com\/","name":"PropokanPro","description":"","publisher":{"@id":"https:\/\/propokanpro.com\/#organization"},"potentialAction":[{"@type":"SearchAction","target":{"@type":"EntryPoint","urlTemplate":"https:\/\/propokanpro.com\/?s={search_term_string}"},"query-input":{"@type":"PropertyValueSpecification","valueRequired":true,"valueName":"search_term_string"}}],"inLanguage":"en-US"},{"@type":"Organization","@id":"https:\/\/propokanpro.com\/#organization","name":"AT&amp;\u0422C Propokan pro system doo","url":"https:\/\/propokanpro.com\/","logo":{"@type":"ImageObject","inLanguage":"en-US","@id":"https:\/\/propokanpro.com\/#\/schema\/logo\/image\/","url":"https:\/\/propokanpro.com\/wp-content\/uploads\/2019\/04\/cropped-miki1-e1554138477224.png","contentUrl":"https:\/\/propokanpro.com\/wp-content\/uploads\/2019\/04\/cropped-miki1-e1554138477224.png","width":200,"height":75,"caption":"Propokan Pro d.o.o."},"image":{"@id":"https:\/\/propokanpro.com\/#\/schema\/logo\/image\/"},"sameAs":["https:\/\/www.linkedin.com\/company\/propokan-pro-passive-fire-protection\/?viewAsMember=true"]}]}},"_links":{"self":[{"href":"https:\/\/propokanpro.com\/eng\/wp-json\/wp\/v2\/pages\/2532"}],"collection":[{"href":"https:\/\/propokanpro.com\/eng\/wp-json\/wp\/v2\/pages"}],"about":[{"href":"https:\/\/propokanpro.com\/eng\/wp-json\/wp\/v2\/types\/page"}],"author":[{"embeddable":true,"href":"https:\/\/propokanpro.com\/eng\/wp-json\/wp\/v2\/users\/2"}],"replies":[{"embeddable":true,"href":"https:\/\/propokanpro.com\/eng\/wp-json\/wp\/v2\/comments?post=2532"}],"version-history":[{"count":7,"href":"https:\/\/propokanpro.com\/eng\/wp-json\/wp\/v2\/pages\/2532\/revisions"}],"predecessor-version":[{"id":2539,"href":"https:\/\/propokanpro.com\/eng\/wp-json\/wp\/v2\/pages\/2532\/revisions\/2539"}],"wp:attachment":[{"href":"https:\/\/propokanpro.com\/eng\/wp-json\/wp\/v2\/media?parent=2532"}],"curies":[{"name":"wp","href":"https:\/\/api.w.org\/{rel}","templated":true}]}}